11?
-1110111110000011000010
In base 11, what is 377559 + -3?
377556
In base 5, what is 224422333423 + 10?
224422333433
In base 15, what is 34ca7 + -141b?
3388b
In base 14, what is a53 + 2dd9?
3a4c
In base 6, what is -12521 + 3455?
-5022
In base 12, what is 0 - -295a476?
295a476
In base 4, what is 23002202003 + 23?
23002202032
In base 13, what is -9 - -211b184?
211b178
In base 4, what is -3020 + -10121302011?
-10121311031
In base 11, what is 4a - -127a632?
127a681
In base 9, what is -444428 + 10?
-444418
In base 11, what is 219 + -1010335?
-1010117
In base 5, what is -2442 + 3012434?
3004442
In base 5, what is 4 + -11102331?
-11102322
In base 16, what is 5a5e - 8e?
59d0
In base 3, what is 120220011021 - -1102011?
120221120102
In base 15, what is -875 + -4281?
-4b06
In base 7, what is 323542402 - 5?
323542364
In base 2, what is 111 + -11010100001110001000110001?
-11010100001110001000101010
In base 7, what is 4 + -5554214236?
-5554214232
In base 13, what is 0 + -2cc0ab0?
-2cc0ab0
In base 4, what is -2010002312 - 1131?
-2010010103
In base 2, what is -1001111 - -11000000111000011?
11000000101110100
In base 10, what is 1 - -210688?
210689
In base 8, what is 3366720004 + 1?
3366720005
In base 9, what is 425885 - -31?
426026
In base 8, what is 352612451 - 2?
352612447
In base 12, what is 5 + 67512a?
675133
In base 4, what is 1101323 - 312010?
123313
In base 12, what is -556 + 430168?
42b812
In base 16, what is 7e2 - -608?
dea
In base 16, what is -2 + -71f528?
-71f52a
In base 2, what is -10110101001 - -10110011011?
-1110
In base 3, what is 1 + -10212210201022011?
-10212210201022010
In base 6, what is -25010 + -50550?
-120000
In base 10, what is 26879727 + -5?
26879722
In base 11, what is 45 + -776aa7?
-776a62
In base 13, what is 537 + -204a?
-1813
In base 15, what is 359 - -4704?
4a5d
In base 14, what is -dd011d + 5?
-dd0118
In base 16, what is -c6a2 - 62?
-c704
In base 10, what is 71975 + -349?
71626
In base 8, what is -352523 + 3404?
-347117
In base 3, what is 212021010 - 11001?
212010002
In base 8, what is -7 - 161276604?
-161276613
In base 13, what is 644c39b1 + 2?
644c39b3
In base 13, what is -3 + -18112120?
-18112123
In base 10, what is 11 + 11615768?
11615779
In base 14, what is 120883 + 17c?
120a21
In base 14, what is -7a2 - 667?
-1029
In base 9, what is 810 - -36682?
37602
In base 2, what is -1111 - -1111110001100001000111?
1111110001100000111000
In base 11, what is -23887 + -15?
-238a1
In base 12, what is 3 - -3113734?
3113737
In base 16, what is -dad911 + 2?
-dad90f
In base 10, what is -34003 + -528?
-34531
In base 6, what is 30 - -432501524?
432501554
In base 3, what is 12002201222110011 - 2?
12002201222110002
In base 7, what is 3 - 24123600?
-24123564
In base 7, what is 13035 - -460?
13525
In base 12, what is 6 + 23329a40?
23329a46
In base 3, what is -2112120011100 - 10?
-2112120011110
In base 16, what is 92ea86 + -1?
92ea85
In base 2, what is 1101000 - 100111010101100100010?
-100111010101010111010
In base 10, what is -36921454 - -4?
-36921450
In base 4, what is 2130 - -11321123?
11323313
In base 12, what is -3b54a + 50?
-3b4ba
In base 12, what is 11bb54 + -29?
11bb27
In base 10, what is 4043 - 77632?
-73589
In base 2, what is 1 - 10110100011010110111000010?
-10110100011010110111000001
In base 14, what is d + -11adb623?
-11adb614
In base 3, what is 21210 - 122220?
-101010
In base 3, what is -10 + 2001120101121?
2001120101111
In base 3, what is -221122121 + -11100?
-221210221
In base 14, what is -b - 3da5413?
-3da5420
In base 14, what is 2 + 9a0a38?
9a0a3a
In base 10, what is -9444 - 634?
-10078
In base 12, what is 1130a - -58?
11366
In base 5, what is 101 - 312022211?
-312022110
In base 3, what is -112 - -1221222222021?
1221222221202
In base 5, what is 12032333022 + 122?
12032333144
In base 15, what is -2141d0 - -3?
-2141cc
In base 13, what is 7849 - 1a32?
5b17
In base 9, what is 60164 + -5254?
53810
In base 11, what is 143 - 1aa0190?
-1aa0048
In base 5, what is 100224140342 - 1?
100224140341
In base 3, what is 1021221 - -1012101202?
1020200200
In base 11, what is a686717a + 3?
a6867182
In base 7, what is -1553646 - 10?
-1553656
In base 4, what is -1112321022 - -2?
-1112321020
In base 2, what is 1011 - 10100111001000000100?
-10100111000111111001
In base 8, what is 302645 + -115?
302530
In base 14, what is 6 + -488ccdb?
-488ccd5
In base 14, what is -1 - 83c5d7?
-83c5d8
In base 7, what is -34 + -34533056?
-34533123
In base 8, what is -152573 - -1526?
-151045
In base 8, what is 2601310 - -56?
2601366
In base 4, what is 102321033231121 + 11?
102321033231132
In base 11, what is -15375 - -20441?
6077
In base 5, what is -23102004 + 112?
-23101342
In base 9, what is 356 - 220766?
-220410
In base 2, what is -10 - 101000010100011101101100110?
-101000010100011101101101000
In base 4, what is 202130022 - 23201?
202100221
In base 13, what is -58c1 - a14?
-6605
In base 8, what is -631760272 + -5?
-631760277
In base 9, what is 861071253 + -3?
861071250
In base 10, what is -3 + 590017?
590014
In base 12, what is -7a564 - 300?
-7a864
In base 7, what is 204436223 + -1?
204436222
In base 6, what is 152350 - 1010?
151340
In base 7, what is -10544 + -131321?
-142165
In base 9, what is -5131 - 8271?
-14412
In base 8, what is -175 + 74760?
74563
In base 5, what is -4 + -34243023110?
-34243023114
In base 9, what is 153415 - 1156?
152248
In base 7, what is 1 - 52163260?
-52163256
In base 15, what is -e7651 - -3ec?
-e7254
In base 14, what is 4bd - 7dc76?
-7d797
In base 11, what is 259 + -3289?
-3030
In base 3, what is 10 - 12201022001121?
-12201022001111
In base 11, what is -10 + 3919035?
3919025
In base 4, what is 3032 + -1111130121?
-1111121023
In base 15, what is -1eb5 - -1c1c?
-298
In base 9, what is -528 - 8760?
-10388
In base 7, what is 1 - 66056511?
-66056510
In base 9, what is -31480541 + 2?
-31480538
In base 3, what is 20102 + 1010121100?
1010211202
In base 9, what is 5505133 + 2?
5505135
In base 8, what is -6675074 + -10?
-6675104
In base 14, what is -cb5 - -1150?
279
In base 12, what is -5 - -2935879b?
29358796
In base 10, what is 66191 - -583?
66774
In base 13, what is -b8007 + 0?
-b8007
In base 5, what is -42 + 341404321?
341404224
In base 13, what is -1818 + -3c5?
-1c10
In base 8, what is 10 - -5302127?
5302137
In base 14, what is b - 19d211?
-19d204
In base 4, what is -220001102311 + 0?
-220001102311
In base 14, what is b89 - ad61?
-a1b6
In base 5, what is 111142 - -33232?
144424
In base 14, what is -5 + -47b96db?
-47b9702
In base 2, what is 111000100000001010 - 101111?
111000011111011011
In base 12, what is -3383859 + -1?
-338385a
In base 10, what is -4 - -53165446?
53165442
In base 15, what is -180dc7dc - -4?
-180dc7d8
In base 14, what is 22 + 1646b?
1648d
In base 5, what is -1 + 3241444312?
3241444311
In base 11, what is -2 + 90a974?
90a972
In base 13, what is a57bc - -1b7?
a59a6
In base 6, what is -1412524454 - -43?
-1412524411
In base 13, what is -2 - -172b04c?
172b04a
In base 3, what is 22 + -210202021?
-210201222
In base 4, what is -10 - 103032131200212?
-103032131200222
In base 6, what is -2201302 - -32?
-2201230
In base 4, what is 30023001220000 + -11?
30023001213323
In base 13, what is -1363 + 201a2?
1bb3c
In base 11, what is -657 + 9998?
9341
In base 4, what is 1322 - -2012322110?
2012330032
In base 2, what is 100 - 10100000011111001011?
-10100000011111000111
In base 5, what is 2432110 - -21433?
3004043
In base 5, what is -104134443402 - -4?
-104134443343
In base 10, what is 18 + 508358?
508376
In base 8, what is 47040642 + 3?
47040645
In base 16, what is 9 + 37bba?
37bc3
In base 5, what is 222 - 303031313?
-303031041
In base 13, what is 4 - 19cb5114?
-19cb5110
In base 7, what is -16012106 - 64?
-16012203
In base 10, what is 371 + 471?
842
In base 8, what is -37235257 - 5?
-37235264
In base 4, what is 22012112301232 + -2?
22012112301230
In base 3, what is -111101112111 + 201?
-111101111210
In base 13, what is -9 - 5b3c77?
-5b3c83
In base 6, what is 2434401350 - -25?
2434401415
In base 2, what is -110 + -1111001000101101100100111?
-1111001000101101100101101
In base 13, what is -615 - 1aa5?
-23ba
In base 7, what is -4343 - -6551?
2205
In base 12, what is 123a07 + -9?
1239ba
In base 3, what is -12 - 11100021212201?
-11100021212220
In base